?
3732
Calculate the remainder when 2614219 is divided by 2614197.
22
What is the remainder when 646966 is divided by 1104?
22
What is the remainder when 376447 is divided by 237?
91
Calculate the remainder when 79631166 is divided by 32.
30
What is the remainder when 14822058 is divided by 141?
138
What is the remainder when 17076078 is divided by 75225?
3
What is the remainder when 66270495 is divided by 161?
158
What is the remainder when 480889 is divided by 3678?
2749
Calculate the remainder when 2010604 is divided by 88.
68
What is the remainder when 1653759 is divided by 1653740?
19
Calculate the remainder when 359063 is divided by 1644.
671
What is the remainder when 1776299 is divided by 57?
8
Calculate the remainder when 12320597 is divided by 2672.
5
What is the remainder when 24507 is divided by 877?
828
Calculate the remainder when 305165088 is divided by 231.
228
What is the remainder when 23157743 is divided by 3308236?
91
What is the remainder when 27902445 is divided by 46?
41
What is the remainder when 108306 is divided by 277?
276
Calculate the remainder when 23986 is divided by 23972.
14
Calculate the remainder when 2112825 is divided by 1066.
13
Calculate the remainder when 2803428 is divided by 231.
12
Calculate the remainder when 512140 is divided by 10669.
28
What is the remainder when 645876 is divided by 73?
45
Calculate the remainder when 1458167 is divided by 729028.
111
Calculate the remainder when 1765634 is divided by 1765370.
264
Calculate the remainder when 261665 is divided by 261467.
198
What is the remainder when 20499829 is divided by 1016?
1013
Calculate the remainder when 3462810 is divided by 4843.
65
Calculate the remainder when 5216320 is divided by 3466.
3456
What is the remainder when 33979 is divided by 1970?
489
Calculate the remainder when 9744452 is divided by 1948889.
7
Calculate the remainder when 23818 is divided by 2165.
3
Calculate the remainder when 205006 is divided by 204899.
107
What is the remainder when 966487298 is divided by 33?
29
Calculate the remainder when 4693 is divided by 795.
718
Calculate the remainder when 65118 is divided by 13893.
9546
What is the remainder when 3544681 is divided by 5748?
3913
What is the remainder when 1048947 is divided by 1048937?
10
What is the remainder when 100821 is divided by 284?
1
Calculate the remainder when 2287386 is divided by 2197.
309
Calculate the remainder when 48065749 is divided by 69.
4
What is the remainder when 27657 is divided by 292?
209
What is the remainder when 2039410 is divided by 12212?
6
What is the remainder when 268252903 is divided by 2393?
2389
Calculate the remainder when 3748555 is divided by 48.
43
Calculate the remainder when 592839 is divided by 11.
5
Calculate the remainder when 2453118 is divided by 57049.
11
Calculate the remainder when 32808159 is divided by 43.
19
What is the remainder when 558293 is divided by 279142?
9
Calculate the remainder when 31522 is divided by 392.
162
Calculate the remainder when 56840 is divided by 4097.
3579
Calculate the remainder when 229030 is divided by 6972.
5926
What is the remainder when 1418736 is divided by 30?
6
Calculate the remainder when 1063710 is divided by 62542.
496
Calculate the remainder when 5172053 is divided by 520.
133
What is the remainder when 120074 is divided by 6638?
590
What is the remainder when 61161133 is divided by 214?
147
What is the remainder when 12416959 is divided by 4441?
4364
Calculate the remainder when 144736 is divided by 3982.
1384
What is the remainder when 1061606 is divided by 2846?
48
What is the remainder when 1207287 is divided by 2923?
88
Calculate the remainder when 50107703 is divided by 8336.
7
Calculate the remainder when 189152793 is divided by 21.
18
What is the remainder when 82630 is divided by 2121?
2032
Calculate the remainder when 4013732 is divided by 1337909.
5
Calculate the remainder when 54977 is divided by 18106.
659
Calculate the remainder when 718224 is divided by 7.
3
Calculate the remainder when 618307 is divided by 3254.
47
Calculate the remainder when 3318788 is divided by 3318785.
3
Calculate the remainder when 511160279 is divided by 23.
22
Calculate the remainder when 3479939 is divided by 3754.
3735
What is the remainder when 376622 is divided by 726?
554
Calculate the remainder when 20541182 is divided by 5135214.
326
What is the remainder when 921544 is divided by 157?
111
Calculate the remainder when 163305 is divided by 6172.
2833
Calculate the remainder when 11660408 is divided by 198.
188
What is the remainder when 19048 is divided by 615?
598
Calculate the remainder when 9958396 is divided by 23213.
19
What is the remainder when 81421 is divided by 67?
16
Calculate the remainder when 8757281 is divided by 15.
11
Calculate the remainder when 104980 is divided by 104163.
817
Calculate the remainder when 894071598 is divided by 95.
93
What is the remainder when 11724 is divided by 1577?
685
What is the remainder when 385600 is divided by 10299?
4537
What is the remainder when 1698557 is divided by 23591?
5
Calculate the remainder when 242144209 is divided by 11.
10
Calculate the remainder when 127488763 is divided by 4093.
4092
Calculate the remainder when 27599 is divided by 27101.
498
What is the remainder when 17746109 is divided by 230?
229
What is the remainder when 81346 is divided by 35?
6
Calculate the remainder when 270488 is divided by 7303.
277
Calculate the remainder when 2117986 is divided by 70.
66
Calculate the remainder when 7734712 is divided by 98.
62
What is the remainder when 46144444 is divided by 1164?
1156
What is the remainder when 28861648 is divided by 2136?
16
Calculate the remainder when 18914 is divided by 1718.
16
Calculate the remainder when 120291475 is divided by 1091.
1088
Calculate the remainder when 65056050 is divided by 2368.
2354
What is the remainder when 193772 is divided by 10760?
92
Calculate the remainder when 4052788 is divided by 270185.
13
What is the remainder when 69464928 is divided by 19?
16
What is the remainder when 344405 is divided by 82?
5
What is the remainder when 845666 is divided by 244?
206
What is the remainder when 1530762 is divided by 2355?
12
Calculate the remainder when 23793567 is divided by 10.
7
What is the remainder when 1329774 is divided by 135?
24
Calculate the remainder when 213124631 is divided by 5184.
23
Calculate the remainder when 2446845 is divided by 166.
5
What is the remainder when 636831 is divided by 43?
1
Calculate the remainder when 40618789 is divided by 5802683.
8
Calculate the remainder when 8600083 is divided by 339.
331
Calculate the remainder when 1052504 is divided by 578.
544
Calculate the remainder when 2959661330 is divided by 10329.
10328
What is the remainder when 133007 is divided by 266?
7
Calculate the remainder when 806807844 is divided by 616.
612
What is the remainder when 2640820 is divided by 961?
953
What is the remainder when 26895742 is divided by 18?
16
Calculate the remainder when 1706997 is divided by 23367.
1206
Calculate the remainder when 176700 is divided by 17635.
350
What is the remainder when 640134 is divided by 569?
9
What is the remainder when 3304089 is divided by 1101363?
0
What is the remainder when 5575205 is divided by 11?
9
Calculate the remainder when 394320510 is divided by 7804.
7802
Calculate the remainder when 79872804 is divided by 733.
726
What is the remainder when 3109010 is divided by 17?
16
What is the remainder when 29168041 is divided by 1896?
1873
What is the remainder when 636134 is divided by 51?
11
Calculate the remainder when 437823 is divided by 15629.
211
What is the remainder when 4202096 is divided by 2101040?
16
Calculate the remainder when 3975425 is divided by 865.
750
Calculate the remainder when 1483858 is divided by 409.
6
What is the remainder when 2526784 is divided by 7097?
252
What is the remainder when 329360 is divided by 81726?
2456
Calculate the remainder when 988290 is divided by 557.
172
What is the remainder when 35530 is divided by 6391?
3575
Calculate the remainder when 6429406 is divided by 53.
29
What is the remainder when 1383 is divided by 340?
23
Calculate the remainder when 228315 is divided by 781.
263
What is the remain